{"id":261,"date":"2016-10-10T12:16:58","date_gmt":"2016-10-10T15:16:58","guid":{"rendered":"https:\/\/sementesdaeducacao.com.br\/1a-temporada\/?page_id=261"},"modified":"2020-08-26T11:45:58","modified_gmt":"2020-08-26T14:45:58","slug":"patrocinadores","status":"publish","type":"page","link":"https:\/\/sementesdaeducacao.com.br\/1a-temporada\/patrocinadores\/","title":{"rendered":"Patrocinadores e Parceiros"},"content":{"rendered":"<p><span style=\"font-weight: 400;\">Sementes da Educa\u00e7\u00e3o \u00e9 uma s\u00e9rie de document\u00e1rio de 13 epis\u00f3dios de 26 min que foi realizada com apoio do canal Cinebrasil TV e financiamento do Fundo Setorial do Audiovisual (FSA). A segunda temporada estreia em breve no mesmo canal.<\/span><\/p>\n<p>Parceiros:<\/p>\n<p><img loading=\"lazy\" decoding=\"async\" class=\"alignleft size-full wp-image-331\" src=\"https:\/\/sementesdaeducacao.com.br\/1a-temporada\/wp-content\/uploads\/2016\/10\/CinebrasilTV-2.png\" alt=\"cinebrasiltv-2\" width=\"125\" height=\"125\" \/><\/p>\n<p><b>CINEBRASiLTV<\/b><span style=\"font-weight: 400;\"> \u00e9 um canal dedicado \u00e0 produ\u00e7\u00e3o audiovisual independente nacional e visa mostrar o Brasil aos brasileiros atrav\u00e9s de uma programa\u00e7\u00e3o que divulga a diversidade cultural produzida em todas as regi\u00f5es do pa\u00eds.<\/span><\/p>\n<p><a href=\"http:\/\/www.cinebrasil.tv\/\">http:\/\/www.cinebrasil.tv\/<\/a><\/p>\n<p>&nbsp;<\/p>\n<p>&nbsp;<\/p>\n<p><img loading=\"lazy\" decoding=\"async\" class=\"alignleft size-full wp-image-341\" src=\"https:\/\/sementesdaeducacao.com.br\/1a-temporada\/wp-content\/uploads\/2016\/10\/Caindo-no-Brasil.png\" alt=\"caindo-no-brasil\" width=\"125\" height=\"125\" \/><\/p>\n<p><strong>Caindo no Brasil<\/strong> \u00e9 um neg\u00f3cio social que d\u00e1 luz a projetos e pessoas que fazem a diferen\u00e7a na educa\u00e7\u00e3o brasileira a partir da curadoria de conhecimento e da produ\u00e7\u00e3o de conte\u00fado.<\/p>\n<p>Saiba mais em <a href=\"http:\/\/www.caindonobrasil.com.br\/\" target=\"_blank\">www.caindonobrasil.com.br<\/a><\/p>\n<p>&nbsp;<\/p>\n<p>&nbsp;<\/p>\n<p>Realiza\u00e7\u00e3o:<\/p>\n<p><img loading=\"lazy\" decoding=\"async\" class=\"alignleft size-full wp-image-340\" src=\"https:\/\/sementesdaeducacao.com.br\/1a-temporada\/wp-content\/uploads\/2016\/10\/Oz-Produtora.png\" alt=\"oz-produtora\" width=\"125\" height=\"125\" \/><\/p>\n<p><span style=\"font-weight: 400;\">A <\/span><b>Oz<\/b><span style=\"font-weight: 400;\"> cria comerciais para TV, v\u00eddeos institucionais, document\u00e1rios, videoclipes, anima\u00e7\u00f5es, vinhetas, efeitos visuais, finalizados para as mais diversas m\u00eddias. <\/span><span style=\"font-weight: 400;\">Visando atender as mais exigentes necessidades do mercado, a Oz oferece qualidade total em \u00e1udio e v\u00eddeo. <\/span>A Oz tamb\u00e9m atua na \u00e1rea cultural por meio da cria\u00e7\u00e3o e produ\u00e7\u00e3o de conte\u00fados pr\u00f3prios. Entre as diferentes linguagens e\u00a0 formatos dos projetos autorais destacam-se os document\u00e1rios e as anima\u00e7\u00f5es.<\/p>\n<p><span style=\"font-weight: 400;\">\u00a0<\/span><a href=\"http:\/\/ozprodutora.com.br\/\">http:\/\/ozprodutora.com.br\/<\/a><\/p>\n<p>&nbsp;<\/p>\n<p>Financiamento:<\/p>\n<p><img loading=\"lazy\" decoding=\"async\" class=\"alignleft size-full wp-image-329\" src=\"https:\/\/sementesdaeducacao.com.br\/1a-temporada\/wp-content\/uploads\/2016\/10\/Ancine.png\" alt=\"ancine\" width=\"125\" height=\"125\" \/><\/p>\n<p>&nbsp;<\/p>\n<p><span style=\"font-weight: 400;\">A <\/span><b>ANCINE (Ag\u00eancia Nacional do Cinema)<\/b><span style=\"font-weight: 400;\"> \u00e9 uma ag\u00eancia reguladora que tem como atribui\u00e7\u00f5es o fomento, a regula\u00e7\u00e3o e a fiscaliza\u00e7\u00e3o do mercado do cinema e do audiovisual no Brasil.<\/span><\/p>\n<p><a href=\"http:\/\/ancine.gov.br\/\">http:\/\/ancine.gov.br\/<\/a><\/p>\n<p>&nbsp;<\/p>\n<p>&nbsp;<\/p>\n<p><img loading=\"lazy\" decoding=\"async\" class=\"alignleft size-full wp-image-332\" src=\"https:\/\/sementesdaeducacao.com.br\/1a-temporada\/wp-content\/uploads\/2016\/10\/FSA.png\" alt=\"fsa\" width=\"125\" height=\"125\" \/><\/p>\n<p>&nbsp;<\/p>\n<p><span style=\"font-weight: 400;\">O <\/span><b>Fundo Setorial do Audiovisual (FSA)<\/b><span style=\"font-weight: 400;\"> \u00e9 um fundo destinado ao desenvolvimento articulado de toda a cadeia produtiva da atividade audiovisual no Brasil e \u00e9 um marco na pol\u00edtica p\u00fablica de fomento \u00e0 ind\u00fastria cinematogr\u00e1fica e audiovisual no pa\u00eds, ao inovar quanto \u00e0s formas de est\u00edmulo estatal e \u00e0 abrang\u00eancia de sua atua\u00e7\u00e3o.<\/span><\/p>\n<p><a href=\"http:\/\/fsa.ancine.gov.br\/\">http:\/\/fsa.ancine.gov.br\/<\/a><\/p>\n<p>&nbsp;<\/p>\n<p><img loading=\"lazy\" decoding=\"async\" class=\"alignleft size-full wp-image-330\" src=\"https:\/\/sementesdaeducacao.com.br\/1a-temporada\/wp-content\/uploads\/2016\/10\/BRDE.png\" alt=\"brde\" width=\"125\" height=\"125\" \/><\/p>\n<p>&nbsp;<\/p>\n<p><span style=\"font-weight: 400;\">O <\/span><b>Banco Regional de Desenvolvimento do Extremo Sul \u2013 BRDE<\/b><span style=\"font-weight: 400;\"> \u00e9 uma Institui\u00e7\u00e3o financeira p\u00fablica de fomento, controlada pelos tr\u00eas estados do Sul e que conta com autonomia financeira e administrativa. O BRDE est\u00e1 sujeito a acompanhamento e controle do Tribunal de Contas, bem como \u00e0 fiscaliza\u00e7\u00e3o do Banco Central do Brasil. <\/span><\/p>\n<p><a href=\"http:\/\/www.brde.com.br\/fsa\/\">http:\/\/www.brde.com.br\/fsa\/<\/a><\/p>\n","protected":false},"excerpt":{"rendered":"<p>Sementes da Educa\u00e7\u00e3o \u00e9 uma s\u00e9rie de document\u00e1rio de 13 epis\u00f3dios de 26 min que foi realizada com apoio do canal Cinebrasil TV e financiamento do Fundo Setorial do Audiovisual (FSA). A segunda temporada estreia em breve no mesmo canal. Parceiros: CINEBRASiLTV \u00e9 um canal dedicado \u00e0 produ\u00e7\u00e3o audiovisual independente nacional e visa mostrar o<a href=\"https:\/\/sementesdaeducacao.com.br\/1a-temporada\/patrocinadores\/\">[&#8230;]<\/a><\/p>\n","protected":false},"author":1,"featured_media":0,"parent":0,"menu_order":0,"comment_status":"closed","ping_status":"closed","template":"","meta":{"__cvm_playback_settings":[],"__cvm_video_id":"","footnotes":""},"class_list":["post-261","page","type-page","status-publish","hentry"],"_links":{"self":[{"href":"https:\/\/sementesdaeducacao.com.br\/1a-temporada\/wp-json\/wp\/v2\/pages\/261","targetHints":{"allow":["GET"]}}],"collection":[{"href":"https:\/\/sementesdaeducacao.com.br\/1a-temporada\/wp-json\/wp\/v2\/pages"}],"about":[{"href":"https:\/\/sementesdaeducacao.com.br\/1a-temporada\/wp-json\/wp\/v2\/types\/page"}],"author":[{"embeddable":true,"href":"https:\/\/sementesdaeducacao.com.br\/1a-temporada\/wp-json\/wp\/v2\/users\/1"}],"replies":[{"embeddable":true,"href":"https:\/\/sementesdaeducacao.com.br\/1a-temporada\/wp-json\/wp\/v2\/comments?post=261"}],"version-history":[{"count":17,"href":"https:\/\/sementesdaeducacao.com.br\/1a-temporada\/wp-json\/wp\/v2\/pages\/261\/revisions"}],"predecessor-version":[{"id":1064,"href":"https:\/\/sementesdaeducacao.com.br\/1a-temporada\/wp-json\/wp\/v2\/pages\/261\/revisions\/1064"}],"wp:attachment":[{"href":"https:\/\/sementesdaeducacao.com.br\/1a-temporada\/wp-json\/wp\/v2\/media?parent=261"}],"curies":[{"name":"wp","href":"https:\/\/api.w.org\/{rel}","templated":true}]}}